at is the hundred thousands digit of 212201?
2
What is the hundreds digit of 478535?
5
What is the millions digit of 33315136?
3
What is the units digit of 668042?
2
What is the hundred thousands digit of 706401?
7
What is the hundreds digit of 2548738?
7
What is the ten thousands digit of 1269457?
6
What is the units digit of 1248167?
7
What is the millions digit of 1245102?
1
What is the hundreds digit of 16349?
3
What is the hundreds digit of 11251283?
2
What is the hundred thousands digit of 159159?
1
What is the tens digit of 9924677?
7
What is the hundred thousands digit of 514867?
5
What is the units digit of 6923642?
2
What is the units digit of 403605?
5
What is the thousands digit of 130346?
0
What is the ten thousands digit of 206218?
0
What is the ten thousands digit of 325607?
2
What is the hundred thousands digit of 143519?
1
What is the hundreds digit of 226542?
5
What is the thousands digit of 2965281?
5
What is the tens digit of 17087206?
0
What is the hundreds digit of 14530380?
3
What is the tens digit of 42396?
9
What is the ten thousands digit of 2060980?
6
What is the ten thousands digit of 7081263?
8
What is the hundreds digit of 3133546?
5
What is the ten thousands digit of 17906438?
0
What is the hundred thousands digit of 233508?
2
What is the units digit of 13933724?
4
What is the tens digit of 11201247?
4
What is the hundreds digit of 1311031?
0
What is the ten thousands digit of 26413436?
1
What is the tens digit of 337124?
2
What is the hundreds digit of 18790141?
1
What is the hundreds digit of 5782632?
6
What is the tens digit of 11299632?
3
What is the millions digit of 5282417?
5
What is the units digit of 1138668?
8
What is the hundreds digit of 112197?
1
What is the ten thousands digit of 1487022?
8
What is the units digit of 160458?
8
What is the ten thousands digit of 183560?
8
What is the ten thousands digit of 164190?
6
What is the hundreds digit of 980059?
0
What is the ten thousands digit of 2297858?
9
What is the hundreds digit of 17519308?
3
What is the hundreds digit of 861355?
3
What is the hundred thousands digit of 20514045?
5
What is the hundreds digit of 19138430?
4
What is the millions digit of 20340592?
0
What is the hundreds digit of 166329?
3
What is the hundreds digit of 715625?
6
What is the tens digit of 3191352?
5
What is the hundreds digit of 630605?
6
What is the tens digit of 1264101?
0
What is the hundreds digit of 6208468?
4
What is the ten millions digit of 11432828?
1
What is the millions digit of 1882036?
1
What is the ten thousands digit of 1553457?
5
What is the units digit of 100211?
1
What is the thousands digit of 7637427?
7
What is the tens digit of 1122178?
7
What is the thousands digit of 1222609?
2
What is the hundred thousands digit of 10994415?
9
What is the hundred thousands digit of 1734137?
7
What is the ten millions digit of 13901370?
1
What is the ten thousands digit of 6056190?
5
What is the tens digit of 291860?
6
What is the tens digit of 1541892?
9
What is the hundred thousands digit of 11624694?
6
What is the millions digit of 6050768?
6
What is the tens digit of 360368?
6
What is the tens digit of 282502?
0
What is the hundreds digit of 604772?
7
What is the ten thousands digit of 7430066?
3
What is the tens digit of 465338?
3
What is the millions digit of 11941637?
1
What is the tens digit of 428910?
1
What is the hundred thousands digit of 15010488?
0
What is the ten thousands digit of 41435?
4
What is the tens digit of 1259383?
8
What is the millions digit of 3934538?
3
What is the tens digit of 154026?
2
What is the millions digit of 2223584?
2
What is the tens digit of 4343993?
9
What is the ten thousands digit of 208656?
0
What is the units digit of 1380134?
4
What is the thousands digit of 132369?
2
What is the tens digit of 128178?
7
What is the hundreds digit of 115510?
5
What is the millions digit of 2639956?
2
What is the hundred thousands digit of 1092497?
0
What is the units digit of 2425507?
7
What is the units digit of 560207?
7
What is the ten thousands digit of 2289114?
8
What is the units digit of 4266433?
3
What is the hundreds digit of 294995?
9
What is the ten thousands digit of 522767?
2
What is the hundred thousands digit of 427380?
4
What is the thousands digit of 5512984?
2
What is the hundred thousands digit of 468156?
4
What is the ten thousands digit of 3890714?
9
What is the ten thousands digit of 7989483?
8
What is the hundreds digit of 8912340?
3
What is the tens digit of 1932927?
2
What is the tens digit of 11492297?
9
What is the ten thousands digit of 8539873?
3
What is the hundreds digit of 5660644?
6
What is the thousands digit of 731855?
1
What is the tens digit of 493369?
6
What is the ten thousands digit of 230316?
3
What is the units digit of 1726960?
0
What is the hundreds digit of 1277538?
5
What is the tens digit of 413135?
3
What is the hundred thousands digit of 280757?
2
What is the ten thousands digit of 606448?
0
What is the hundred thousands digit of 17242490?
2
What is the ten thousands digit of 2864395?
6
What is the ten thousands digit of 121386?
2
What is the ten thousands digit of 2102760?
0
What is the units digit of 10520891?
1
What is the units digit of 623218?
8
What is the hundreds digit of 4644700?
7
What is the units digit of 130177?
7
What is the millions digit of 3832917?
3
What is the millions digit of 31282059?
1
What is the millions digit of 1001433?
1
What is the units digit of 782715?
5
What is the hundred thousands digit of 448067?
4
What is the ten millions digit of 26202792?
2
What is the hundred thousands digit of 136193?
1
What is the hundred thousands digit of 14101536?
1
What is the tens digit of 219254?
5
What is the hundreds digit of 33064?
0
What is the millions digit of 2486435?
2
What is the millions digit of 4878543?
4
What is the thousands digit of 3241940?
1
What is the thousands digit of 25966?
5
What is the thousands digit of 47139?
7
What is the ten thousands digit of 18371890?
7
What is the ten thousands digit of 295000?
9
What is the tens digit of 641829?
2
What is the units digit of 750622?
2
What is the tens digit of 152325?
2
What is the ten thousands digit of 126682?
2
What is the tens digit of 49006?
0
What is the millions digit of 2488529?
2
What is the thousands digit of 35050?
5
What is the thousands digit of 1069250?
9
What is the tens digit of 10543530?
3
What is the millions digit of 1320021?
1
What is the hundred thousands digit of 8499757?
4
What is the hundred thousands digit of 1027056?
0
What is the hundred thousands digit of 355532?
3
What is the hundred thousands digit of 43669399?
6
What is the hundred thousands digit of 488224?
4
What is the hundreds digit of 709431?
4
What is the thousands digit of 750822?
0
What is the hundred thousands digit of 340971?
3
What is the ten millions digit of 32683014?
3
What is the hundreds digit of 1251952?
9
What is the ten thousands digit of 273477?
7
What is the hundred thousands digit of 551052?
5
What is the ten thousands digit of 158540?
5
What is the hundred thousands digit of 1511850?
5
What is the thousands digit of 775696?
5
What is the hundred thousands digit of 3205028?
2
What is the thousands digit of 17809183?
9
What is the hundreds digit of 323?
3
What is the thousands digit of 38564?
8
What is the thousands digit of 3622530?
2
What is the thousands digit of 651694?
1
What is the hundred thousands digit of 1292332?
2
What is the hundred thousands digit of 335627?
3
What is the ten thousands digit of 4061919?
6
What is the tens digit of 288906?
0
What is the ten thousands digit of 8370704?
7
What is the units digit of 277?
7
What is the units digit of 7609181?
1
What is the thousands digit of 166771?
6
What is the tens digit of 8926333?
3
What is the millions digit of 2237760?
2
What is the tens digit of 284903?
0
What is the hundreds digit of 9754928?
9
What is the millions digit of 1148826?
1
What is the ten thousands digit of 1077182?
7
What is the hundreds digit of 29814?
8
What is the hundred thousands digit of 416350?
4
What is the hundred thousands digit of 9802020?
8
What is the hundreds digit of 47532?
5
What is the ten thousands digit of 765589?
6
What is the thousands digit of 323955?
3
W